Let t(n) = -3*n + 1. Suppose -u + 3*r + 5 = 6, 2*u - 8 = r. Calculate t(u).
-14
Let h(w) = -w**2 - 4*w - 4. Let i be ((-198)/55)/((-3)/(-20)). Let u = -28 - i. Calculate h(u).
-4
Let y = -2 - -25. Let i = 23 - y. Let p(d) = 6*d**2 - 4*d - 13. Let z(h) = -5*h**2 + 3*h + 12. Let t(x) = -4*p(x) - 5*z(x). Determine t(i).
-8
Suppose -5*m + 93 = -2*v + 6*v, -m + 24 = v. Let b(j) = -j**2 + 3 + 29*j + 0*j**2 - v*j. Give b(4).
-5
Let y be (1 + 25)*(-21)/6. Let r = 89 + y. Let b(v) = -3 - v + 4*v**2 + 0*v**2 + 2 - 3*v**2. Calculate b(r).
5
Let t(g) = 3*g + 1. Let r(z) = -10*z + 3. Let x(w) = r(w) + 4*t(w). Calculate x(-6).
-5
Suppose 66 - 36 = 6*f. Let h(v) = -v**2 + 2*v + 6. Determine h(f).
-9
Let j be 11/((-2)/((-8)/4)). Suppose -j = n - 5. Let l(g) = 7 + 0*g**2 + 2*g**2 + 8*g - g**2. Calculate l(n).
-5
Let v(w) = 2*w. Let c(n) = -11*n + 6. Let h(b) = -c(b) - 5*v(b). What is h(10)?
4
Let c(p) = p**3 - 2*p**2 + 1. Let l(t) = 7*t**3 + 10*t**2 + 2*t - 6. Let n(u) = -5*c(u) - l(u). Calculate n(1).
-13
Let b(n) = 6*n**3. Let w(q) be the second derivative of q**4/12 + q**3/6 + q**2/2 + 17*q. Let y(d) = b(d) + w(d). Give y(-1).
-5
Let p(d) = -8*d - 31. Let c(u) = -7*u - 31. Let w(i) = -5*c(i) + 4*p(i). Determine w(-10).
1
Let v be 10/65 + 732/(-26). Let j = v + 27. Let t(z) = 2*z**2 - 4*z + 1. Let p(o) = -o**2 + 5*o - 1. Let b(n) = 6*p(n) + 7*t(n). Determine b(j).
7
Let n(h) = -4*h**2 - 21*h - 4. Let z(c) = 4*c**2 + 26*c + 5. Let b(v) = -5*n(v) - 4*z(v). Let u(i) = -i**2 - 6*i - 6. Let t be u(-5). What is b(t)?
3
Let y(j) = -9 - 2 + 5 - 1 + j**2. What is y(4)?
9
Let r(w) = w**2 - 10*w + 4. Let a be r(6). Let s = 22 + a. Suppose -5*i = z - 18, -z + s = 3*i - 10. Let d(v) = v**2 - 3*v + 3. Determine d(z).
3
Let n(s) = -s**3 + s - 2. Let z be (2/(-4))/(6/(-84)). Suppose i - 4*f - z = 9, i = -5*f - 29. Let g(r) = -r - 2. Let x be g(i). Give n(x).
-8
Let u(y) be the third derivative of 0*y**3 - 1/4*y**4 + 0 + 10*y**2 + 0*y. Let l be (0 - 1) + (3 - 0). Determine u(l).
-12
Suppose 14*p - 71 = -15. Let r(m) be the second derivative of 1/6*m**3 - 2*m**2 - p*m + 0. Calculate r(-4).
-8
Let t be (-45)/(-12) - -3*(-2)/8. Suppose 4*j - 4*s + 2 = t*j, -s - 1 = 0. Let u(p) = p**2 + 9*p + 5. What is u(j)?
-13
Let w(m) = -m**3 - 27*m**2 + 5*m + 106. Let i be w(-27). Let b(o) = o + 27. What is b(i)?
-2
Let a(s) be the first derivative of s**2 + 2*s - 13. Suppose -j - 14 = -3*f + 1, -f = -5. Suppose j = -5*x + h + 4*h - 40, -5*h + 34 = -3*x. What is a(x)?
-4
Let b(y) = -y**2 + 9*y - 5. Suppose 5*a - 3*o = -21, 4*o = a + 3*a + 20. Let f = a - -10. Give b(f).
9
Suppose 0 = 5*o - o - 48. Suppose x = -2*x - o. Let c(q) = q**3 + 5*q**2 + 4*q + 5. Give c(x).
5
Let w be 10/15 + (-8)/(-6). Let t(x) = -x**w + 647*x - 647*x - 9. Give t(0).
-9
Let i(z) = -z**3 - 5*z**2 + 5*z + 6. Suppose 11*c = -29 - 37. Determine i(c).
12
Suppose 113 = 5*c + 4*y + 18, -19 = -c + 3*y. Let o(w) = w**2 - 19*w + 10. Determine o(c).
10
Let d = -6 - -9. Suppose 0 = 2*u + d*u. Let p(i) = -i - 4. Let f be p(u). Let s(q) = -q**2 - 4*q + 2. Give s(f).
2
Let q(z) = -z**3 + 4*z**2 - 8*z + 28. Let y be q(4). Let l(h) = h + 5. Give l(y).
1
Let t(u) = -10 + 5*u - 7 - 6 + 31. What is t(0)?
8
Suppose -8*k = -9*k + 5, -l - k = -5. Let w(y) = y**3 + y**2 - y + 2. Determine w(l).
2
Let n = -190 + 196. Let z(o) = o - 7. Calculate z(n).
-1
Suppose -12 = 2*d + 3*a, -5*d + a = -0*a - 4. Let l(s) = 16*s - 5. Let c(u) = -9*u + 3. Let z(b) = -7*c(b) - 4*l(b). Calculate z(d).
-1
Let m = -126 - -138. Let y(z) = 1 - m*z + z**2 - 4 - 3 + 1. Give y(12).
-5
Suppose -3 = 3*f + 12. Let r(z) = 3 + 6 - 2 - 9 + z. Calculate r(f).
-7
Let p = 11 - 4. Suppose 75 = p*g + 26. Let t(x) = 2*x - 2. Determine t(g).
12
Let u be (-8 + -1)/3*1. Let t = u - -4. Let d(r) = 2 - r - t - 4. What is d(-3)?
0
Let f(s) = -7*s**3 + 2*s**2 + 7. Suppose 5*k - l + 9 = 0, 3*k - 2 + 4 = 4*l. Let v(w) = 3*w**3 - w**2 - 3. Let r(d) = k*f(d) - 5*v(d). Calculate r(0).
1
Let g(f) = -21*f**2 + f + 1. Let o(r) = -r**3 + r**2 - 17*r - 1. Let h be o(0). Give g(h).
-21
Let m be 0 + -7 + 8 + 2. Let f(r) be the first derivative of 2*r**3/3 - 3*r**2/2 - 3*r - 1. Determine f(m).
6
Suppose 3*d = 2*d - 2*c + 9, 5*c + 30 = 5*d. Let a(u) = 7*u + 24*u**2 - 8*u**2 - 17*u**2. Give a(d).
0
Let j be -4 - (-3 - -5)*-5. Let v(i) = i**2 - 6*i - 5. Determine v(j).
-5
Let w(q) be the third derivative of 5*q**4/24 - q**3/3 - 28*q**2. Suppose -1 = -5*l + 19. Suppose 8 = 2*i - l*f, -17 = 5*i + 2*f - 1. What is w(i)?
-12
Let g be 1*-4 - (-40 - -18). Let i(y) = -y**3 + 19*y**2 - 18*y + 6. Calculate i(g).
6
Let u(k) = -k**2 - 9*k - 8. Let o(w) = -5*w + 29. Let g = 8 - 9. Let b(y) = -y + 1. Let l(q) = g*o(q) + 6*b(q). Let m be l(-16). Give u(m).
6
Suppose 10 = 2*k, 3*u - 5*u + 5*k = -71. Let y be (-1)/6 - (-56)/u. Let m(o) = 3*o**3 - 1. Calculate m(y).
2
Let z(y) = 4*y - 5. Suppose 0 = 3*s - 3*m - m - 22, -3*m - 10 = s. Suppose -3*h + 3*i + 33 = -i, 9 = h - s*i. Let v = h + -11. Calculate z(v).
11
Let m = -4905 + 4898. Let g(u) be the first derivative of u**4/4 + 8*u**3/3 + 7*u**2/2 + 7*u - 2. Give g(m).
7
Let q(z) = 5*z + 4*z - z**2 - 10 - 10*z + 5*z + 3*z. Give q(5).
0
Let f = -160 + 165. Let q(x) = -x**3 + 4*x**2 + 3*x. What is q(f)?
-10
Let j be (-13 - -47)*(-1 + 5/2). Let k = 54 - j. Let s(l) = -2*l**2 + 4*l + 1. Calculate s(k).
-5
Let l(z) = 78 + 4*z - 8*z - 33 + 2*z. What is l(21)?
3
Let y(s) = -s**3 + 8*s**2 - 6*s - 8. Suppose 15 = 3*u + 2*u. Suppose -3*k + o = -k - 11, k + u*o - 16 = 0. Determine y(k).
-1
Let q(c) = -c**3 + 12*c**2 - 11*c - 1. Let p(k) = -k**3 + 13*k**2 - 13*k - 1. Let y(o) = 5*p(o) - 6*q(o). Determine y(7).
8
Suppose x - 17 = 5*p, 0*x - x + 2*p = -2. Let g be ((4/(-1))/x*12)/1. Let f(y) = y**3 - 5*y**2 - 3*y + 2. Calculate f(g).
20
Let v(a) = -a + 4. Let b(r) = r**3 + 16*r**2 + 14*r - 9. Let x be b(-15). What is v(x)?
-2
Let a(l) = -3 - l**2 + 1496*l + 2 - 1499*l - 5. Give a(-4).
-10
Let i(w) = -9*w + 130*w**2 - 38*w**2 - 48*w**2 - 11 - 43*w**2. What is i(9)?
-11
Suppose 0*o + 6 = 2*o. Suppose o = -2*d - y + 5, -6 = -d - 3*y. Let q(c) = -2 - 4*c + d + 10*c - 4*c. Give q(2).
2
Let b = -7 - -7. Suppose -5*g + 5*y - 55 = b, -g + 2 = -3*g - 2*y. Let q(j) be the second derivative of j**4/12 + 5*j**3/6 + 7*j**2/2 - 23*j. What is q(g)?
13
Let o(k) = 3*k**2 + k + 1. Let x be o(2). Suppose -2*j = j - x, 2*r - 4*j - 6 = 0. Let a = r - 9. Let f(t) = t**3 - 4*t**2 - 5*t + 6. Give f(a).
-14
Let x(z) = -958 + 565*z**2 + 987 - 14*z - 564*z**2. Calculate x(12).
5
Let z = -118 - -120. Let d(a) = a**3 - 4. Calculate d(z).
4
Let n(m) = -m**3 - 15*m**2 - m - 12. Suppose -4*c = 10*c + 210. What is n(c)?
3
Let z(s) be the first derivative of s**5/20 - 2*s**4/3 + s**3 + 9*s**2/2 - 16*s - 21. Let j(w) be the first derivative of z(w). What is j(7)?
2
Let h(p) = 248*p - 734*p + 239*p + 248*p + 8. Suppose 2*k - 4*s + 15 = -19, -6 = 3*k + 3*s. What is h(k)?
1
Let t(j) = j**3 - 5*j**2 - 15*j + 16. Let y be t(7). Let r(q) = -q + 9. What is r(y)?
0
Let w(x) = x**2 - x + 9. Suppose -3*r - 5*h = 5 + 5, -5*r = -4*h - 8. Determine w(r).
9
Let o = 21 + -15. Suppose 2*z - 20 = -o. Let h(r) = -r - 5*r + r**3 + 3*r**2 + 4*r - 3*r - 9*r**2. Determine h(z).
14
Let t(h) be the third derivative of -h**6/360 + h**5/60 - h**4/12 + 11*h**3/6 + 4*h**2. Let z(b) be the first derivative of t(b). Calculate z(2).
-2
Let h(o) = -4*o**3 + o**2 - 13*o + 6. Let l(j) = -j**3 + j**2 - j. Let u(t) = h(t) - 5*l(t). Suppose 18 = 6*r - 12. Determine u(r).
-9
Let c(o) = -34*o**3 + 2*o + 1. Let g = -1101 - -1100. Give c(g).
33
Let y(z) = z**3 + 7*z**2 + 2*z - 2. Let o(h) = -h**3 - 8*h**2 - 3*h + 2. Let d(g) = 4*o(g) + 5*y(g). Calculate d(-3).
4
Let y(u) be the first derivative of 2*u**2 - 5*u - 21. Let f be y(2). Let h(t) = t - 3. Determine h(f).
0
Let b(i) = -2*i + 1. Let p = -40 - -16. Let l = -18 - p. What is b(l)?
-11
Let t(j) = -j**3 - 4*j**2 + 8*j - 2. Suppose -32*k - 4*l - 10 = -33*k, k = -3*l - 18. What is t(k)?
22
Let n(z) = z**3 - 8*z**2 + 2. Let k(y) = y + 27. Let w be k(-19). Calculate n(w).
2
Let y(n) = 2*n - 3. Let p(w) = -2*w**3 - 9*w**2 + 3*w - 11. Let m be p(-5). Let h(u) = 4*u**3 + 2*u**2 - u - 2. Let r be h(m). What is y(r)?
-9
Let i(y) = -7*y - 1. Let g(t) = 3*t - 53 - 60 + 114. Let f(l) = 5*g(l) + 2*i(l). What 